{"id":11,"date":"2024-02-14T08:26:07","date_gmt":"2024-02-14T08:26:07","guid":{"rendered":"https:\/\/niznerepase.top\/?page_id=11"},"modified":"2024-02-21T07:34:51","modified_gmt":"2024-02-21T07:34:51","slug":"obecna-drazba","status":"publish","type":"page","link":"https:\/\/niznerepase.top\/?page_id=11","title":{"rendered":"OBECN\u00c1 DRA\u017dBA"},"content":{"rendered":"\n<p>Obec Ni\u017en\u00e9 Repa\u0161e d\u00e1va na zn\u00e1mos\u0165 \u017ee usporiad\u00e1 obecn\u00fa dra\u017ebu d\u0148a 28 J\u00fala 2024 na obecnej p\u00f4de.<\/p>\n\n\n\n<p>!!! UPOZORNENIE!!!<\/p>\n\n\n\n<p>V\u0161etky vydra\u017een\u00e9 peniaze p\u00f4jdu na pomoc vyplatenia obecn\u00e9ho dlhu nadobudnut\u00e9ho z minulosti.<\/p>\n\n\n\n<p>\u010co sa Bude dia\u0165?<\/p>\n\n\n\n<p>Obecn\u00e1 dra\u017eba sa vykon\u00e1 a bude prebieha\u0165 pod pr\u00edsnym dozorom starostu (starosta- dalej len richt\u00e1r) a dra\u017eite\u013e(dalej len kupuj\u00faci) mo\u017ee by\u0165 len osoba, ktor\u00e1 sa nahl\u00e1si u richt\u00e1ra a obdr\u017ei pr\u00e1vo dra\u017ei\u0165. Presn\u00fd po\u010det polo\u017eiek dra\u017eby bude vyhl\u00e1seny na po\u010diatku dra\u017eby. Kupuj\u00faci s\u00fahlasi s navrhovanou cenou svojou registr\u00e1ciou od richt\u00e1ra(dalej len tabu\u013ekou). Nevykrikuje sa cena alebo ponuka kupuj\u00facim. Pre pr\u00e1vo rovnosti na na\u0161ej zemi, ka\u017ed\u00e1 polo\u017eka bude ur\u010den\u00e1 predavaj\u00facou osobou, ktor\u00e1 bude ur\u010denou richt\u00e1rom( dalej len dra\u017eebn\u00edk). Dra\u017eebn\u00edk m\u00e1 pr\u00e1vo ur\u010dova\u0165 cenu polo\u017eky a taktie\u017e s \u0148ou pohybova\u0165 hore alebo dole. Najvy\u0161ia ponuka vyhr\u00e1va. Kupuj\u00faci zdvihnut\u00edm svojho pr\u00e1va dra\u017eit- tabu\u013ekou s\u00fahlasi s ur\u010denou cenou. Posledn\u00fd kupuj\u00faci, ktor\u00fd s\u00fahlasi s pon\u00fakanou cenou vyhr\u00e1va pr\u00e1vo odk\u00fapenia polo\u017eky. Predaj polo\u017eky je spe\u010daten\u00fd a uzavret\u00fd uderom kladiva. V\u0161etky polo\u017eky sa dra\u017eia rovnak\u00fdm sp\u00f4sobom. <\/p>\n\n\n\n<p>V\u0161etky polo\u017eky obecnej dra\u017eby najdete tu. Taktie\u017e budu tieto polo\u017eky vystaven\u00e9 a je si ich mo\u017en\u00e9 osobne prezrie\u0165 v de\u0148 dra\u017eby v priestoroch obecn\u00e9ho \u00faradu.<\/p>\n\n\n\n<p>polo\u017eka  \u010d\u00edslo 1<\/p>\n\n\n\n<figure class=\"wp-block-image size-large\"><img loading=\"lazy\" decoding=\"async\" width=\"768\" height=\"1024\" src=\"https:\/\/niznerepase.top\/wp-content\/uploads\/2024\/02\/20231230_174259-768x1024.jpg\" alt=\"\" class=\"wp-image-13\" srcset=\"https:\/\/niznerepase.top\/wp-content\/uploads\/2024\/02\/20231230_174259-768x1024.jpg 768w, https:\/\/niznerepase.top\/wp-content\/uploads\/2024\/02\/20231230_174259-225x300.jpg 225w, https:\/\/niznerepase.top\/wp-content\/uploads\/2024\/02\/20231230_174259-1152x1536.jpg 1152w, https:\/\/niznerepase.top\/wp-content\/uploads\/2024\/02\/20231230_174259-1536x2048.jpg 1536w, https:\/\/niznerepase.top\/wp-content\/uploads\/2024\/02\/20231230_174259-scaled.jpg 1920w\" sizes=\"(max-width: 768px) 100vw, 768px\" \/><\/figure>\n\n\n\n<p>Automatick\u00e9 n\u00e1ramkove hodinky. Vodotesn\u00e9 do 300m. Saf\u00edrove skl\u00ed\u010dko je neposkrabate\u013en\u00e9-\u0161krabance ponech\u00e1 jedine prav\u00fd diamant. No\u010dn\u00e9 \u017eiarenie-pre potapa\u010dov. Material je titanium. Hodinky pracuj\u00fa bez baterky.<\/p>\n\n\n\n<p>Polo\u017eka \u010d\u00edslo 2<\/p>\n\n\n\n<figure class=\"wp-block-image size-large\"><img loading=\"lazy\" decoding=\"async\" width=\"768\" height=\"1024\" src=\"https:\/\/niznerepase.top\/wp-content\/uploads\/2024\/02\/20240214_084918-1-768x1024.jpg\" alt=\"\" class=\"wp-image-33\" srcset=\"https:\/\/niznerepase.top\/wp-content\/uploads\/2024\/02\/20240214_084918-1-768x1024.jpg 768w, https:\/\/niznerepase.top\/wp-content\/uploads\/2024\/02\/20240214_084918-1-225x300.jpg 225w, https:\/\/niznerepase.top\/wp-content\/uploads\/2024\/02\/20240214_084918-1-1152x1536.jpg 1152w, https:\/\/niznerepase.top\/wp-content\/uploads\/2024\/02\/20240214_084918-1-1536x2048.jpg 1536w, https:\/\/niznerepase.top\/wp-content\/uploads\/2024\/02\/20240214_084918-1-scaled.jpg 1920w\" sizes=\"(max-width: 768px) 100vw, 768px\" \/><\/figure>\n\n\n\n<p>Turistick\u00e1 obuv &#8211; d\u00e1mska\/diev\u010densk\u00e1 &#8211; zna\u010dkov\u00e1 ADIDAS.<\/p>\n\n\n\n<p>Ve\u013ekos\u0165 3.5 \/ 36     V origin\u00e1lnom obale, nikdy nenosen\u00e9.<\/p>\n\n\n\n<p>Polo\u017eka \u010d\u00edslo 3<\/p>\n\n\n\n<figure class=\"wp-block-image size-large\"><img loading=\"lazy\" decoding=\"async\" width=\"768\" height=\"1024\" src=\"https:\/\/niznerepase.top\/wp-content\/uploads\/2024\/02\/20240214_084854-1-768x1024.jpg\" alt=\"\" class=\"wp-image-34\" srcset=\"https:\/\/niznerepase.top\/wp-content\/uploads\/2024\/02\/20240214_084854-1-768x1024.jpg 768w, https:\/\/niznerepase.top\/wp-content\/uploads\/2024\/02\/20240214_084854-1-225x300.jpg 225w, https:\/\/niznerepase.top\/wp-content\/uploads\/2024\/02\/20240214_084854-1-1152x1536.jpg 1152w, https:\/\/niznerepase.top\/wp-content\/uploads\/2024\/02\/20240214_084854-1-1536x2048.jpg 1536w, https:\/\/niznerepase.top\/wp-content\/uploads\/2024\/02\/20240214_084854-1-scaled.jpg 1920w\" sizes=\"(max-width: 768px) 100vw, 768px\" \/><\/figure>\n\n\n\n<p>Turistick\u00e1 obuv &#8211; d\u00e1mska\/diev\u010densk\u00e1 &#8211; zna\u010dkov\u00e1 ADIDAS.<\/p>\n\n\n\n<p>ve\u013ekos\u0165 5 \/ 38               V origin\u00e1lnom obale, nikdy nenosen\u00e9.<\/p>\n\n\n\n<p>Polo\u017eka \u010d\u00edslo 4<\/p>\n\n\n\n<figure class=\"wp-block-image size-large\"><img loading=\"lazy\" decoding=\"async\" width=\"768\" height=\"1024\" src=\"https:\/\/niznerepase.top\/wp-content\/uploads\/2024\/02\/20221013_121543-768x1024.jpg\" alt=\"\" class=\"wp-image-35\" srcset=\"https:\/\/niznerepase.top\/wp-content\/uploads\/2024\/02\/20221013_121543-768x1024.jpg 768w, https:\/\/niznerepase.top\/wp-content\/uploads\/2024\/02\/20221013_121543-225x300.jpg 225w, https:\/\/niznerepase.top\/wp-content\/uploads\/2024\/02\/20221013_121543-1152x1536.jpg 1152w, https:\/\/niznerepase.top\/wp-content\/uploads\/2024\/02\/20221013_121543-1536x2048.jpg 1536w, https:\/\/niznerepase.top\/wp-content\/uploads\/2024\/02\/20221013_121543-scaled.jpg 1920w\" sizes=\"(max-width: 768px) 100vw, 768px\" \/><\/figure>\n\n\n\n<p>Automatick\u00e9 n\u00e1ramkov\u00e9 hodinky. Funguj\u00fa bez baterky. Vodeodoln\u00e9 do 100m. Safirov\u00e9 nepo\u0161kabate\u013en\u00e9 skl\u00ed\u010dko. Svietia v tme. Material je titanium. <\/p>\n\n\n\n<p><\/p>\n\n\n\n<p>Polo\u017eka \u010d\u00edslo 5 <\/p>\n\n\n\n<p><img loading=\"lazy\" decoding=\"async\" width=\"2560\" height=\"1920\" class=\"wp-image-76\" style=\"width: 400px;\" src=\"http:\/\/niznerepase.top\/wp-content\/uploads\/2024\/02\/20240220_104758-scaled.jpg\" alt=\"\" srcset=\"https:\/\/niznerepase.top\/wp-content\/uploads\/2024\/02\/20240220_104758-scaled.jpg 2560w, https:\/\/niznerepase.top\/wp-content\/uploads\/2024\/02\/20240220_104758-300x225.jpg 300w, https:\/\/niznerepase.top\/wp-content\/uploads\/2024\/02\/20240220_104758-1024x768.jpg 1024w, https:\/\/niznerepase.top\/wp-content\/uploads\/2024\/02\/20240220_104758-768x576.jpg 768w, https:\/\/niznerepase.top\/wp-content\/uploads\/2024\/02\/20240220_104758-1536x1152.jpg 1536w, https:\/\/niznerepase.top\/wp-content\/uploads\/2024\/02\/20240220_104758-2048x1536.jpg 2048w\" sizes=\"(max-width: 2560px) 100vw, 2560px\" \/><\/p>\n\n\n\n<p>D\u00e1mske n\u00e1u\u0161nice (Oring\u013ee)<\/p>\n\n\n\n<p>Polo\u017eka \u010d\u00edslo 6 <\/p>\n\n\n\n<p><img loading=\"lazy\" decoding=\"async\" width=\"2560\" height=\"1920\" class=\"wp-image-73\" style=\"width: 400px;\" src=\"http:\/\/niznerepase.top\/wp-content\/uploads\/2024\/02\/20240220_104546-scaled.jpg\" alt=\"\" srcset=\"https:\/\/niznerepase.top\/wp-content\/uploads\/2024\/02\/20240220_104546-scaled.jpg 2560w, https:\/\/niznerepase.top\/wp-content\/uploads\/2024\/02\/20240220_104546-300x225.jpg 300w, https:\/\/niznerepase.top\/wp-content\/uploads\/2024\/02\/20240220_104546-1024x768.jpg 1024w, https:\/\/niznerepase.top\/wp-content\/uploads\/2024\/02\/20240220_104546-768x576.jpg 768w, https:\/\/niznerepase.top\/wp-content\/uploads\/2024\/02\/20240220_104546-1536x1152.jpg 1536w, https:\/\/niznerepase.top\/wp-content\/uploads\/2024\/02\/20240220_104546-2048x1536.jpg 2048w\" sizes=\"(max-width: 2560px) 100vw, 2560px\" \/><\/p>\n\n\n\n\n\n<p>D\u00e1mske n\u00e1u\u0161nice<\/p>\n\n\n\n<p>Polo\u017eka \u010d\u00edslo 7<\/p>\n\n\n\n<p><img loading=\"lazy\" decoding=\"async\" width=\"2560\" height=\"1920\" class=\"wp-image-75\" style=\"width: 400px;\" src=\"http:\/\/niznerepase.top\/wp-content\/uploads\/2024\/02\/20240220_104658-scaled.jpg\" alt=\"\" srcset=\"https:\/\/niznerepase.top\/wp-content\/uploads\/2024\/02\/20240220_104658-scaled.jpg 2560w, https:\/\/niznerepase.top\/wp-content\/uploads\/2024\/02\/20240220_104658-300x225.jpg 300w, https:\/\/niznerepase.top\/wp-content\/uploads\/2024\/02\/20240220_104658-1024x768.jpg 1024w, https:\/\/niznerepase.top\/wp-content\/uploads\/2024\/02\/20240220_104658-768x576.jpg 768w, https:\/\/niznerepase.top\/wp-content\/uploads\/2024\/02\/20240220_104658-1536x1152.jpg 1536w, https:\/\/niznerepase.top\/wp-content\/uploads\/2024\/02\/20240220_104658-2048x1536.jpg 2048w\" sizes=\"(max-width: 2560px) 100vw, 2560px\" \/><\/p>\n\n\n\n<p>D\u00e1mske nau\u0161nice &#8211; 3kr\u00e1t<\/p>\n\n\n\n<p>Polo\u017eka \u010d\u00edslo 8<\/p>\n\n\n\n<p><img loading=\"lazy\" decoding=\"async\" width=\"2560\" height=\"1920\" class=\"wp-image-74\" style=\"width: 400px;\" src=\"http:\/\/niznerepase.top\/wp-content\/uploads\/2024\/02\/20240220_104638-scaled.jpg\" alt=\"\" srcset=\"https:\/\/niznerepase.top\/wp-content\/uploads\/2024\/02\/20240220_104638-scaled.jpg 2560w, https:\/\/niznerepase.top\/wp-content\/uploads\/2024\/02\/20240220_104638-300x225.jpg 300w, https:\/\/niznerepase.top\/wp-content\/uploads\/2024\/02\/20240220_104638-1024x768.jpg 1024w, https:\/\/niznerepase.top\/wp-content\/uploads\/2024\/02\/20240220_104638-768x576.jpg 768w, https:\/\/niznerepase.top\/wp-content\/uploads\/2024\/02\/20240220_104638-1536x1152.jpg 1536w, https:\/\/niznerepase.top\/wp-content\/uploads\/2024\/02\/20240220_104638-2048x1536.jpg 2048w\" sizes=\"(max-width: 2560px) 100vw, 2560px\" \/><\/p>\n\n\n\n<p>D\u00e1mske nau\u0161nice<\/p>\n\n\n\n<p>Polo\u017eka \u010d\u00edslo 9<\/p>\n\n\n\n<p><img loading=\"lazy\" decoding=\"async\" width=\"2560\" height=\"1920\" class=\"wp-image-72\" style=\"width: 400px;\" src=\"http:\/\/niznerepase.top\/wp-content\/uploads\/2024\/02\/20240220_104455-scaled.jpg\" alt=\"\" srcset=\"https:\/\/niznerepase.top\/wp-content\/uploads\/2024\/02\/20240220_104455-scaled.jpg 2560w, https:\/\/niznerepase.top\/wp-content\/uploads\/2024\/02\/20240220_104455-300x225.jpg 300w, https:\/\/niznerepase.top\/wp-content\/uploads\/2024\/02\/20240220_104455-1024x768.jpg 1024w, https:\/\/niznerepase.top\/wp-content\/uploads\/2024\/02\/20240220_104455-768x576.jpg 768w, https:\/\/niznerepase.top\/wp-content\/uploads\/2024\/02\/20240220_104455-1536x1152.jpg 1536w, https:\/\/niznerepase.top\/wp-content\/uploads\/2024\/02\/20240220_104455-2048x1536.jpg 2048w\" sizes=\"(max-width: 2560px) 100vw, 2560px\" \/><\/p>\n\n\n\n<p>D\u00e1mske nau\u0161nice<\/p>\n\n\n\n<p>Polo\u017eka \u010d\u00edslo 10<\/p>\n\n\n\n<p><img loading=\"lazy\" decoding=\"async\" width=\"2560\" height=\"1920\" class=\"wp-image-71\" style=\"width: 400px;\" src=\"http:\/\/niznerepase.top\/wp-content\/uploads\/2024\/02\/20240220_104356-scaled.jpg\" alt=\"\" srcset=\"https:\/\/niznerepase.top\/wp-content\/uploads\/2024\/02\/20240220_104356-scaled.jpg 2560w, https:\/\/niznerepase.top\/wp-content\/uploads\/2024\/02\/20240220_104356-300x225.jpg 300w, https:\/\/niznerepase.top\/wp-content\/uploads\/2024\/02\/20240220_104356-1024x768.jpg 1024w, https:\/\/niznerepase.top\/wp-content\/uploads\/2024\/02\/20240220_104356-768x576.jpg 768w, https:\/\/niznerepase.top\/wp-content\/uploads\/2024\/02\/20240220_104356-1536x1152.jpg 1536w, https:\/\/niznerepase.top\/wp-content\/uploads\/2024\/02\/20240220_104356-2048x1536.jpg 2048w\" sizes=\"(max-width: 2560px) 100vw, 2560px\" \/><\/p>\n\n\n\n<p>D\u00e1msky prste\u0148 <\/p>\n\n\n\n<p>Polo\u017eka \u010d\u00edslo 11<\/p>\n\n\n\n<p><img loading=\"lazy\" decoding=\"async\" width=\"2560\" height=\"1920\" class=\"wp-image-70\" style=\"width: 400px;\" src=\"http:\/\/niznerepase.top\/wp-content\/uploads\/2024\/02\/20240220_104259-scaled.jpg\" alt=\"\" srcset=\"https:\/\/niznerepase.top\/wp-content\/uploads\/2024\/02\/20240220_104259-scaled.jpg 2560w, https:\/\/niznerepase.top\/wp-content\/uploads\/2024\/02\/20240220_104259-300x225.jpg 300w, https:\/\/niznerepase.top\/wp-content\/uploads\/2024\/02\/20240220_104259-1024x768.jpg 1024w, https:\/\/niznerepase.top\/wp-content\/uploads\/2024\/02\/20240220_104259-768x576.jpg 768w, https:\/\/niznerepase.top\/wp-content\/uploads\/2024\/02\/20240220_104259-1536x1152.jpg 1536w, https:\/\/niznerepase.top\/wp-content\/uploads\/2024\/02\/20240220_104259-2048x1536.jpg 2048w\" sizes=\"(max-width: 2560px) 100vw, 2560px\" \/><\/p>\n\n\n\n<p>D\u00e1mske nau\u0161nice<\/p>\n\n\n\n<p>Polo\u017eka \u010d\u00edslo 12<\/p>\n\n\n\n<p><img loading=\"lazy\" decoding=\"async\" width=\"2560\" height=\"1920\" class=\"wp-image-69\" style=\"width: 400px;\" src=\"http:\/\/niznerepase.top\/wp-content\/uploads\/2024\/02\/20240220_104217-scaled.jpg\" alt=\"\" srcset=\"https:\/\/niznerepase.top\/wp-content\/uploads\/2024\/02\/20240220_104217-scaled.jpg 2560w, https:\/\/niznerepase.top\/wp-content\/uploads\/2024\/02\/20240220_104217-300x225.jpg 300w, https:\/\/niznerepase.top\/wp-content\/uploads\/2024\/02\/20240220_104217-1024x768.jpg 1024w, https:\/\/niznerepase.top\/wp-content\/uploads\/2024\/02\/20240220_104217-768x576.jpg 768w, https:\/\/niznerepase.top\/wp-content\/uploads\/2024\/02\/20240220_104217-1536x1152.jpg 1536w, https:\/\/niznerepase.top\/wp-content\/uploads\/2024\/02\/20240220_104217-2048x1536.jpg 2048w\" sizes=\"(max-width: 2560px) 100vw, 2560px\" \/><\/p>\n\n\n\n<p>D\u00e1mske nau\u0161nice <\/p>\n\n\n\n<p>Polo\u017eka \u010d\u00edslo 13<\/p>\n\n\n\n<p><img loading=\"lazy\" decoding=\"async\" width=\"1920\" height=\"2560\" class=\"wp-image-68\" style=\"width: 400px;\" src=\"http:\/\/niznerepase.top\/wp-content\/uploads\/2024\/02\/20240220_104129-scaled.jpg\" alt=\"\" srcset=\"https:\/\/niznerepase.top\/wp-content\/uploads\/2024\/02\/20240220_104129-scaled.jpg 1920w, https:\/\/niznerepase.top\/wp-content\/uploads\/2024\/02\/20240220_104129-225x300.jpg 225w, https:\/\/niznerepase.top\/wp-content\/uploads\/2024\/02\/20240220_104129-768x1024.jpg 768w, https:\/\/niznerepase.top\/wp-content\/uploads\/2024\/02\/20240220_104129-1152x1536.jpg 1152w, https:\/\/niznerepase.top\/wp-content\/uploads\/2024\/02\/20240220_104129-1536x2048.jpg 1536w\" sizes=\"(max-width: 1920px) 100vw, 1920px\" \/><\/p>\n\n\n\n<p>D\u00e1mske nau\u0161nice <\/p>\n\n\n\n<p>Polo\u017eka \u010d\u00edslo 14&#8230;<\/p>\n","protected":false},"excerpt":{"rendered":"<p>Obec Ni\u017en\u00e9 Repa\u0161e d\u00e1va na zn\u00e1mos\u0165 \u017ee usporiad\u00e1 obecn\u00fa dra\u017ebu d\u0148a 28 J\u00fala 2024 na obecnej p\u00f4de. !!! UPOZORNENIE!!! V\u0161etky [&hellip;]<\/p>\n","protected":false},"author":1,"featured_media":0,"parent":0,"menu_order":0,"comment_status":"closed","ping_status":"closed","template":"","meta":{"om_disable_all_campaigns":false,"_monsterinsights_skip_tracking":false,"_monsterinsights_sitenote_active":false,"_monsterinsights_sitenote_note":"","_monsterinsights_sitenote_category":0,"site-sidebar-layout":"default","site-content-layout":"","ast-site-content-layout":"","site-content-style":"default","site-sidebar-style":"default","ast-global-header-display":"","ast-banner-title-visibility":"","ast-main-header-display":"","ast-hfb-above-header-display":"","ast-hfb-below-header-display":"","ast-hfb-mobile-header-display":"","site-post-title":"","ast-breadcrumbs-content":"","ast-featured-img":"","footer-sml-layout":"","theme-transparent-header-meta":"","adv-header-id-meta":"","stick-header-meta":"","header-above-stick-meta":"","header-main-stick-meta":"","header-below-stick-meta":"","astra-migrate-meta-layouts":"default","ast-page-background-enabled":"default","ast-page-background-meta":{"desktop":{"background-color":"var(--ast-global-color-4)","background-image":"","background-repeat":"repeat","background-position":"center center","background-size":"auto","background-attachment":"scroll","background-type":"","background-media":"","overlay-type":"","overlay-color":"","overlay-gradient":""},"tablet":{"background-color":"","background-image":"","background-repeat":"repeat","background-position":"center center","background-size":"auto","background-attachment":"scroll","background-type":"","background-media":"","overlay-type":"","overlay-color":"","overlay-gradient":""},"mobile":{"background-color":"","background-image":"","background-repeat":"repeat","background-position":"center center","background-size":"auto","background-attachment":"scroll","background-type":"","background-media":"","overlay-type":"","overlay-color":"","overlay-gradient":""}},"ast-content-background-meta":{"desktop":{"background-color":"var(--ast-global-color-5)","background-image":"","background-repeat":"repeat","background-position":"center center","background-size":"auto","background-attachment":"scroll","background-type":"","background-media":"","overlay-type":"","overlay-color":"","overlay-gradient":""},"tablet":{"background-color":"var(--ast-global-color-5)","background-image":"","background-repeat":"repeat","background-position":"center center","background-size":"auto","background-attachment":"scroll","background-type":"","background-media":"","overlay-type":"","overlay-color":"","overlay-gradient":""},"mobile":{"background-color":"var(--ast-global-color-5)","background-image":"","background-repeat":"repeat","background-position":"center center","background-size":"auto","background-attachment":"scroll","background-type":"","background-media":"","overlay-type":"","overlay-color":"","overlay-gradient":""}},"_kadence_starter_templates_imported_post":false,"footnotes":""},"aioseo_notices":[],"_links":{"self":[{"href":"https:\/\/niznerepase.top\/index.php?rest_route=\/wp\/v2\/pages\/11"}],"collection":[{"href":"https:\/\/niznerepase.top\/index.php?rest_route=\/wp\/v2\/pages"}],"about":[{"href":"https:\/\/niznerepase.top\/index.php?rest_route=\/wp\/v2\/types\/page"}],"author":[{"embeddable":true,"href":"https:\/\/niznerepase.top\/index.php?rest_route=\/wp\/v2\/users\/1"}],"replies":[{"embeddable":true,"href":"https:\/\/niznerepase.top\/index.php?rest_route=%2Fwp%2Fv2%2Fcomments&post=11"}],"version-history":[{"count":11,"href":"https:\/\/niznerepase.top\/index.php?rest_route=\/wp\/v2\/pages\/11\/revisions"}],"predecessor-version":[{"id":80,"href":"https:\/\/niznerepase.top\/index.php?rest_route=\/wp\/v2\/pages\/11\/revisions\/80"}],"wp:attachment":[{"href":"https:\/\/niznerepase.top\/index.php?rest_route=%2Fwp%2Fv2%2Fmedia&parent=11"}],"curies":[{"name":"wp","href":"https:\/\/api.w.org\/{rel}","templated":true}]}}